{"id":936,"date":"2017-01-11T11:59:20","date_gmt":"2017-01-11T11:59:20","guid":{"rendered":"http:\/\/cecbll.cat\/espaicomarca\/?page_id=936"},"modified":"2017-02-27T09:51:55","modified_gmt":"2017-02-27T09:51:55","slug":"museu-municipal-de-molins-de-rei","status":"publish","type":"page","link":"https:\/\/cecbll.cat\/espaicomarca\/museu-municipal-de-molins-de-rei\/","title":{"rendered":"Museu Municipal de Molins de Rei"},"content":{"rendered":"<p><strong>Carrer Pintor Fortuny, 55. Molins de Rei<\/strong><\/p>\n<p>El Museu de Molins de Rei va ser creat l&#8217;any 1953 en el si de la F\u00e0brica T\u00e8xtil Can Samaranch com a iniciativa d&#8217;Enric Madorell i Claramunt (1897-1990), director d&#8217;aquesta ind\u00fastria i una de les figures m\u00e9s vinculades a la hist\u00f2ria de la vila. A partir de l&#8217;obsequi d&#8217;uns teixits coptes del segles II i III que va fer el senyor Francesc Samaranch al seu director, aquest propos\u00e0 als seus companys del Club Samaranch crear un petit museu t\u00e8xtil, que m\u00e9s endavant i degut a la creixent incorporaci\u00f3 d&#8217;altres seccions es va veure ampliat a m\u00e9s aspectes de la hist\u00f2ria i la cultura molinenca.<\/p>\n<p>Es va comen\u00e7ar una tasca de recollida d&#8217;elements de la cultura popular a les cases de la vila. El Museu es va anar formant paral\u00b7lelament al proc\u00e9s de transformaci\u00f3 que anava vivint el poble: s&#8217;enderrocaven edificis i es recollien materials que es considerava que podien tenir un inter\u00e8s hist\u00f2ric o testimonial per al Museu. A m\u00e9s d&#8217;aquestes tasques, es van iniciar prospeccions arqueol\u00f2giques a tota l&#8217;\u00e0rea d&#8217;influ\u00e8ncia de Molins de Rei.<\/p>\n<p>L&#8217;espai aviat va resultar insuficient i es va decidir cercar un altre empla\u00e7ament, passant a fer-se&#8217;n c\u00e0rrec l&#8217;Ajuntament. L&#8217;any 1968, el Museu va passar a ser municipal i finalment es va traslladar a l&#8217;empla\u00e7ament actual.<\/p>\n<p>&nbsp;<\/p>\n<p><strong>HORARIS<\/strong><\/p>\n<p><em>Visita lliure<br \/>\n<\/em>Podeu visitar el Museu amb &#8220;visita lliure&#8221; tots els diumenges de 12:00 a 14:00 h. Tamb\u00e9 podeu visitar-lo durant la setmana i per les tardes per\u00f2 cal concertar pr\u00e8viament.<\/p>\n<p><em>Sala d&#8217;exposicions temporals Ca n&#8217;Ametller<br \/>\n<\/em>Des del mes de maig al mes de setembre: de dimarts a dissabte, de 17.30 a 20.30 h, diumenges i festius d&#8217;12.00 a 14.00 h.<br \/>\nDes del mes d&#8217;octubre al mes d&#8217;abril: de dimarts a dissabte, de 17 a 20h, diumenges i festius d&#8217;12.00 a 14.00 h.<\/p>\n","protected":false},"excerpt":{"rendered":"<p>Carrer Pintor Fortuny, 55. Molins de Rei El Museu de Molins de Rei va ser creat l&#8217;any 1953 en el [&hellip;]<\/p>\n","protected":false},"author":1,"featured_media":1992,"parent":0,"menu_order":0,"comment_status":"closed","ping_status":"closed","template":"","meta":{"footnotes":"","_links_to":"","_links_to_target":""},"class_list":["post-936","page","type-page","status-publish","has-post-thumbnail","hentry"],"_links":{"self":[{"href":"https:\/\/cecbll.cat\/espaicomarca\/wp-json\/wp\/v2\/pages\/936","targetHints":{"allow":["GET"]}}],"collection":[{"href":"https:\/\/cecbll.cat\/espaicomarca\/wp-json\/wp\/v2\/pages"}],"about":[{"href":"https:\/\/cecbll.cat\/espaicomarca\/wp-json\/wp\/v2\/types\/page"}],"author":[{"embeddable":true,"href":"https:\/\/cecbll.cat\/espaicomarca\/wp-json\/wp\/v2\/users\/1"}],"replies":[{"embeddable":true,"href":"https:\/\/cecbll.cat\/espaicomarca\/wp-json\/wp\/v2\/comments?post=936"}],"version-history":[{"count":2,"href":"https:\/\/cecbll.cat\/espaicomarca\/wp-json\/wp\/v2\/pages\/936\/revisions"}],"predecessor-version":[{"id":939,"href":"https:\/\/cecbll.cat\/espaicomarca\/wp-json\/wp\/v2\/pages\/936\/revisions\/939"}],"wp:featuredmedia":[{"embeddable":true,"href":"https:\/\/cecbll.cat\/espaicomarca\/wp-json\/wp\/v2\/media\/1992"}],"wp:attachment":[{"href":"https:\/\/cecbll.cat\/espaicomarca\/wp-json\/wp\/v2\/media?parent=936"}],"curies":[{"name":"wp","href":"https:\/\/api.w.org\/{rel}","templated":true}]}}