{"id":2015,"date":"2017-02-27T13:47:14","date_gmt":"2017-02-27T13:47:14","guid":{"rendered":"http:\/\/cecbll.cat\/espaicomarca\/?page_id=2015"},"modified":"2018-02-02T11:13:21","modified_gmt":"2018-02-02T11:13:21","slug":"festa-del-modernisme","status":"publish","type":"page","link":"https:\/\/cecbll.cat\/espaicomarca\/festa-del-modernisme\/","title":{"rendered":"FESTA DEL MODERNISME"},"content":{"rendered":"<p><strong>Data\/Hora<\/strong><br \/>\noctubre de 2018<\/p>\n<p><strong>Localitzaci\u00f3<\/strong><br \/>\nColonia G\u00fcell. Santa Coloma de Cervell\u00f3.<\/p>\n<p>&nbsp;<\/p>\n<p>La Festa del Modernisme de la\u00a0<strong>Col\u00f2nia G\u00fcell<\/strong>\u00a0\u00e9s una recreaci\u00f3 teatral al carrer d\u2019escenes de la vida quotidiana de la col\u00f2nia d\u2019ara fa cent anys. Aquesta recreaci\u00f3 \u00e9s tractada en un context festiu i se situa en el marc incomparable de l\u2019arquitectura modernista de la col\u00f2nia. La festa\u00a0es celebra una vegada a l\u2019any.<\/p>\n","protected":false},"excerpt":{"rendered":"<p>Data\/Hora octubre de 2018 Localitzaci\u00f3 Colonia G\u00fcell. Santa Coloma de Cervell\u00f3. &nbsp; La Festa del Modernisme de la\u00a0Col\u00f2nia G\u00fcell\u00a0\u00e9s una [&hellip;]<\/p>\n","protected":false},"author":1,"featured_media":860,"parent":0,"menu_order":0,"comment_status":"closed","ping_status":"closed","template":"","meta":{"footnotes":"","_links_to":"","_links_to_target":""},"class_list":["post-2015","page","type-page","status-publish","has-post-thumbnail","hentry"],"_links":{"self":[{"href":"https:\/\/cecbll.cat\/espaicomarca\/wp-json\/wp\/v2\/pages\/2015","targetHints":{"allow":["GET"]}}],"collection":[{"href":"https:\/\/cecbll.cat\/espaicomarca\/wp-json\/wp\/v2\/pages"}],"about":[{"href":"https:\/\/cecbll.cat\/espaicomarca\/wp-json\/wp\/v2\/types\/page"}],"author":[{"embeddable":true,"href":"https:\/\/cecbll.cat\/espaicomarca\/wp-json\/wp\/v2\/users\/1"}],"replies":[{"embeddable":true,"href":"https:\/\/cecbll.cat\/espaicomarca\/wp-json\/wp\/v2\/comments?post=2015"}],"version-history":[{"count":3,"href":"https:\/\/cecbll.cat\/espaicomarca\/wp-json\/wp\/v2\/pages\/2015\/revisions"}],"predecessor-version":[{"id":3863,"href":"https:\/\/cecbll.cat\/espaicomarca\/wp-json\/wp\/v2\/pages\/2015\/revisions\/3863"}],"wp:featuredmedia":[{"embeddable":true,"href":"https:\/\/cecbll.cat\/espaicomarca\/wp-json\/wp\/v2\/media\/860"}],"wp:attachment":[{"href":"https:\/\/cecbll.cat\/espaicomarca\/wp-json\/wp\/v2\/media?parent=2015"}],"curies":[{"name":"wp","href":"https:\/\/api.w.org\/{rel}","templated":true}]}}