{"id":1928,"date":"2017-02-17T12:13:25","date_gmt":"2017-02-17T12:13:25","guid":{"rendered":"http:\/\/cecbll.cat\/espaicomarca\/?page_id=1928"},"modified":"2017-02-17T12:16:33","modified_gmt":"2017-02-17T12:16:33","slug":"vallirana-2","status":"publish","type":"page","link":"https:\/\/cecbll.cat\/espaicomarca\/vallirana-2\/","title":{"rendered":"Vallirana"},"content":{"rendered":"<div id=\"pl-1928\"  class=\"panel-layout\" ><div id=\"pg-1928-0\"  class=\"panel-grid panel-no-style\" ><div id=\"pgc-1928-0-0\"  class=\"panel-grid-cell\" ><div id=\"panel-1928-0-0-0\" class=\"so-panel widget widget_sow-image panel-first-child panel-last-child\" data-index=\"0\" ><div\n\t\t\t\n\t\t\tclass=\"so-widget-sow-image so-widget-sow-image-default-8b5b6f678277-1928\"\n\t\t\t\n\t\t>\n<div class=\"sow-image-container\">\n\t\t\t<a href=\"http:\/\/cecbll.cat\/espaicomarca\/ascensio-al-puig-vicenc-a-peu\/\"\n\t\t\t\t\t>\n\t\t\t<img \n\tsrc=\"https:\/\/cecbll.cat\/espaicomarca\/wp-content\/uploads\/2017\/02\/Puig-Vicen\u00e7-1.jpg\" width=\"1200\" height=\"694\" srcset=\"https:\/\/cecbll.cat\/espaicomarca\/wp-content\/uploads\/2017\/02\/Puig-Vicen\u00e7-1.jpg 1200w, https:\/\/cecbll.cat\/espaicomarca\/wp-content\/uploads\/2017\/02\/Puig-Vicen\u00e7-1-300x174.jpg 300w, https:\/\/cecbll.cat\/espaicomarca\/wp-content\/uploads\/2017\/02\/Puig-Vicen\u00e7-1-1024x592.jpg 1024w, https:\/\/cecbll.cat\/espaicomarca\/wp-content\/uploads\/2017\/02\/Puig-Vicen\u00e7-1-138x80.jpg 138w\" sizes=\"(max-width: 1200px) 100vw, 1200px\" title=\"Puig-Vicen\u00e7\" alt=\"\" \t\tclass=\"so-widget-image\"\/>\n\t\t\t<\/a><\/div>\n\n<\/div><\/div><\/div><div id=\"pgc-1928-0-1\"  class=\"panel-grid-cell\" ><div id=\"panel-1928-0-1-0\" class=\"so-panel widget widget_sow-image panel-first-child panel-last-child\" data-index=\"1\" ><div\n\t\t\t\n\t\t\tclass=\"so-widget-sow-image so-widget-sow-image-default-8b5b6f678277-1928\"\n\t\t\t\n\t\t>\n<div class=\"sow-image-container\">\n\t\t\t<a href=\"http:\/\/cecbll.cat\/espaicomarca\/cami-del-soldat-roma-a-peu\/\"\n\t\t\t\t\t>\n\t\t\t<img \n\tsrc=\"https:\/\/cecbll.cat\/espaicomarca\/wp-content\/uploads\/2017\/02\/Cami-del-soldat-roma-1.jpg\" width=\"1200\" height=\"694\" srcset=\"https:\/\/cecbll.cat\/espaicomarca\/wp-content\/uploads\/2017\/02\/Cami-del-soldat-roma-1.jpg 1200w, https:\/\/cecbll.cat\/espaicomarca\/wp-content\/uploads\/2017\/02\/Cami-del-soldat-roma-1-300x174.jpg 300w, https:\/\/cecbll.cat\/espaicomarca\/wp-content\/uploads\/2017\/02\/Cami-del-soldat-roma-1-1024x592.jpg 1024w, https:\/\/cecbll.cat\/espaicomarca\/wp-content\/uploads\/2017\/02\/Cami-del-soldat-roma-1-138x80.jpg 138w\" sizes=\"(max-width: 1200px) 100vw, 1200px\" title=\"Cami-del-soldat-roma\" alt=\"\" \t\tclass=\"so-widget-image\"\/>\n\t\t\t<\/a><\/div>\n\n<\/div><\/div><\/div><div id=\"pgc-1928-0-2\"  class=\"panel-grid-cell\" ><div id=\"panel-1928-0-2-0\" class=\"so-panel widget widget_sow-image panel-first-child panel-last-child\" data-index=\"2\" ><div\n\t\t\t\n\t\t\tclass=\"so-widget-sow-image so-widget-sow-image-default-8b5b6f678277-1928\"\n\t\t\t\n\t\t>\n<div class=\"sow-image-container\">\n\t\t\t<a href=\"http:\/\/cecbll.cat\/espaicomarca\/cami-al-mas-de-les-fonts-a-peu\/\"\n\t\t\t\t\t>\n\t\t\t<img \n\tsrc=\"https:\/\/cecbll.cat\/espaicomarca\/wp-content\/uploads\/2017\/02\/Mas-de-les-Fonts-2.jpg\" width=\"800\" height=\"450\" srcset=\"https:\/\/cecbll.cat\/espaicomarca\/wp-content\/uploads\/2017\/02\/Mas-de-les-Fonts-2.jpg 800w, https:\/\/cecbll.cat\/espaicomarca\/wp-content\/uploads\/2017\/02\/Mas-de-les-Fonts-2-300x169.jpg 300w, https:\/\/cecbll.cat\/espaicomarca\/wp-content\/uploads\/2017\/02\/Mas-de-les-Fonts-2-142x80.jpg 142w\" sizes=\"(max-width: 800px) 100vw, 800px\" title=\"Mas de les Fonts\" alt=\"\" \t\tclass=\"so-widget-image\"\/>\n\t\t\t<\/a><\/div>\n\n<\/div><\/div><\/div><\/div><div id=\"pg-1928-1\"  class=\"panel-grid panel-no-style\" ><div id=\"pgc-1928-1-0\"  class=\"panel-grid-cell\" ><div id=\"panel-1928-1-0-0\" class=\"so-panel widget widget_sow-editor panel-first-child panel-last-child\" data-index=\"3\" ><div\n\t\t\t\n\t\t\tclass=\"so-widget-sow-editor so-widget-sow-editor-base\"\n\t\t\t\n\t\t><h3 class=\"widget-title\">Ascensi\u00f3 al Puig Vicen\u00e7 (a peu)<\/h3>\n<div class=\"siteorigin-widget-tinymce textwidget\">\n\t<\/div>\n<\/div><\/div><\/div><div id=\"pgc-1928-1-1\"  class=\"panel-grid-cell\" ><div id=\"panel-1928-1-1-0\" class=\"so-panel widget widget_sow-editor panel-first-child panel-last-child\" data-index=\"4\" ><div\n\t\t\t\n\t\t\tclass=\"so-widget-sow-editor so-widget-sow-editor-base\"\n\t\t\t\n\t\t><h3 class=\"widget-title\">Cam\u00ed del soldat rom\u00e0 (a peu)<\/h3>\n<div class=\"siteorigin-widget-tinymce textwidget\">\n\t<\/div>\n<\/div><\/div><\/div><div id=\"pgc-1928-1-2\"  class=\"panel-grid-cell\" ><div id=\"panel-1928-1-2-0\" class=\"so-panel widget widget_sow-editor panel-first-child panel-last-child\" data-index=\"5\" ><div\n\t\t\t\n\t\t\tclass=\"so-widget-sow-editor so-widget-sow-editor-base\"\n\t\t\t\n\t\t><h3 class=\"widget-title\">Cam\u00ed al Mas de les Fonts (a peu)<\/h3>\n<div class=\"siteorigin-widget-tinymce textwidget\">\n\t<\/div>\n<\/div><\/div><\/div><\/div><div id=\"pg-1928-2\"  class=\"panel-grid panel-no-style\" ><div id=\"pgc-1928-2-0\"  class=\"panel-grid-cell\" ><div id=\"panel-1928-2-0-0\" class=\"so-panel widget widget_sow-image panel-first-child panel-last-child\" data-index=\"6\" ><div\n\t\t\t\n\t\t\tclass=\"so-widget-sow-image so-widget-sow-image-default-8b5b6f678277-1928\"\n\t\t\t\n\t\t>\n<div class=\"sow-image-container\">\n\t\t\t<a href=\"http:\/\/cecbll.cat\/espaicomarca\/vallirana-sant-ponc-ermita-en-btt\/\"\n\t\t\t\t\t>\n\t\t\t<img \n\tsrc=\"https:\/\/cecbll.cat\/espaicomarca\/wp-content\/uploads\/2017\/02\/Sant-Ponc-1.jpg\" width=\"1200\" height=\"694\" srcset=\"https:\/\/cecbll.cat\/espaicomarca\/wp-content\/uploads\/2017\/02\/Sant-Ponc-1.jpg 1200w, https:\/\/cecbll.cat\/espaicomarca\/wp-content\/uploads\/2017\/02\/Sant-Ponc-1-300x174.jpg 300w, https:\/\/cecbll.cat\/espaicomarca\/wp-content\/uploads\/2017\/02\/Sant-Ponc-1-1024x592.jpg 1024w, https:\/\/cecbll.cat\/espaicomarca\/wp-content\/uploads\/2017\/02\/Sant-Ponc-1-138x80.jpg 138w\" sizes=\"(max-width: 1200px) 100vw, 1200px\" title=\"Sant-Ponc\" alt=\"\" \t\tclass=\"so-widget-image\"\/>\n\t\t\t<\/a><\/div>\n\n<\/div><\/div><\/div><div id=\"pgc-1928-2-1\"  class=\"panel-grid-cell\" ><div id=\"panel-1928-2-1-0\" class=\"so-panel widget widget_sow-image panel-first-child panel-last-child\" data-index=\"7\" ><div\n\t\t\t\n\t\t\tclass=\"so-widget-sow-image so-widget-sow-image-default-8b5b6f678277-1928\"\n\t\t\t\n\t\t>\n<div class=\"sow-image-container\">\n\t\t\t<a href=\"http:\/\/cecbll.cat\/espaicomarca\/vallirana-massis-del-garraf-en-btt\/\"\n\t\t\t\t\t>\n\t\t\t<img \n\tsrc=\"https:\/\/cecbll.cat\/espaicomarca\/wp-content\/uploads\/2017\/02\/massis_garraf-1.jpg\" width=\"1200\" height=\"694\" srcset=\"https:\/\/cecbll.cat\/espaicomarca\/wp-content\/uploads\/2017\/02\/massis_garraf-1.jpg 1200w, https:\/\/cecbll.cat\/espaicomarca\/wp-content\/uploads\/2017\/02\/massis_garraf-1-300x174.jpg 300w, https:\/\/cecbll.cat\/espaicomarca\/wp-content\/uploads\/2017\/02\/massis_garraf-1-1024x592.jpg 1024w, https:\/\/cecbll.cat\/espaicomarca\/wp-content\/uploads\/2017\/02\/massis_garraf-1-138x80.jpg 138w\" sizes=\"(max-width: 1200px) 100vw, 1200px\" title=\"massis_garraf\" alt=\"\" \t\tclass=\"so-widget-image\"\/>\n\t\t\t<\/a><\/div>\n\n<\/div><\/div><\/div><div id=\"pgc-1928-2-2\"  class=\"panel-grid-cell\" ><div id=\"panel-1928-2-2-0\" class=\"so-panel widget widget_sow-image panel-first-child panel-last-child\" data-index=\"8\" ><div\n\t\t\t\n\t\t\tclass=\"so-widget-sow-image so-widget-sow-image-default-8b5b6f678277-1928\"\n\t\t\t\n\t\t>\n<div class=\"sow-image-container\">\n\t\t\t<a href=\"http:\/\/cecbll.cat\/espaicomarca\/lledoner-olesa-de-bonesvalls-en-btt\/\"\n\t\t\t\t\t>\n\t\t\t<img \n\tsrc=\"https:\/\/cecbll.cat\/espaicomarca\/wp-content\/uploads\/2017\/02\/olesa_bonesvalls-1.jpg\" width=\"1200\" height=\"694\" srcset=\"https:\/\/cecbll.cat\/espaicomarca\/wp-content\/uploads\/2017\/02\/olesa_bonesvalls-1.jpg 1200w, https:\/\/cecbll.cat\/espaicomarca\/wp-content\/uploads\/2017\/02\/olesa_bonesvalls-1-300x174.jpg 300w, https:\/\/cecbll.cat\/espaicomarca\/wp-content\/uploads\/2017\/02\/olesa_bonesvalls-1-1024x592.jpg 1024w, https:\/\/cecbll.cat\/espaicomarca\/wp-content\/uploads\/2017\/02\/olesa_bonesvalls-1-138x80.jpg 138w\" sizes=\"(max-width: 1200px) 100vw, 1200px\" title=\"olesa_bonesvalls\" alt=\"\" \t\tclass=\"so-widget-image\"\/>\n\t\t\t<\/a><\/div>\n\n<\/div><\/div><\/div><\/div><div id=\"pg-1928-3\"  class=\"panel-grid panel-no-style\" ><div id=\"pgc-1928-3-0\"  class=\"panel-grid-cell\" ><div id=\"panel-1928-3-0-0\" class=\"so-panel widget widget_sow-editor panel-first-child panel-last-child\" data-index=\"9\" ><div\n\t\t\t\n\t\t\tclass=\"so-widget-sow-editor so-widget-sow-editor-base\"\n\t\t\t\n\t\t><h3 class=\"widget-title\">Ascensi\u00f3 al Puig Vicen\u00e7 (a peu)<\/h3>\n<div class=\"siteorigin-widget-tinymce textwidget\">\n\t<\/div>\n<\/div><\/div><\/div><div id=\"pgc-1928-3-1\"  class=\"panel-grid-cell\" ><div id=\"panel-1928-3-1-0\" class=\"so-panel widget widget_sow-editor panel-first-child panel-last-child\" data-index=\"10\" ><div\n\t\t\t\n\t\t\tclass=\"so-widget-sow-editor so-widget-sow-editor-base\"\n\t\t\t\n\t\t><h3 class=\"widget-title\">Vallirana \u2013 Mass\u00eds del Garraf (en BTT)<\/h3>\n<div class=\"siteorigin-widget-tinymce textwidget\">\n\t<\/div>\n<\/div><\/div><\/div><div id=\"pgc-1928-3-2\"  class=\"panel-grid-cell\" ><div id=\"panel-1928-3-2-0\" class=\"so-panel widget widget_sow-editor panel-first-child panel-last-child\" data-index=\"11\" ><div\n\t\t\t\n\t\t\tclass=\"so-widget-sow-editor so-widget-sow-editor-base\"\n\t\t\t\n\t\t><h3 class=\"widget-title\">Lledoner \u2013 Olesa de Bonesvalls (en BTT)<\/h3>\n<div class=\"siteorigin-widget-tinymce textwidget\">\n\t<\/div>\n<\/div><\/div><\/div><\/div><\/div>","protected":false},"excerpt":{"rendered":"<p>Ascensi\u00f3 al Puig Vicen\u00e7 (a peu) Cam\u00ed del soldat rom\u00e0 (a peu) Cam\u00ed al Mas de les Fonts (a peu) [&hellip;]<\/p>\n","protected":false},"author":1,"featured_media":0,"parent":0,"menu_order":0,"comment_status":"closed","ping_status":"closed","template":"","meta":{"footnotes":"","_links_to":"","_links_to_target":""},"class_list":["post-1928","page","type-page","status-publish","hentry"],"_links":{"self":[{"href":"https:\/\/cecbll.cat\/espaicomarca\/wp-json\/wp\/v2\/pages\/1928","targetHints":{"allow":["GET"]}}],"collection":[{"href":"https:\/\/cecbll.cat\/espaicomarca\/wp-json\/wp\/v2\/pages"}],"about":[{"href":"https:\/\/cecbll.cat\/espaicomarca\/wp-json\/wp\/v2\/types\/page"}],"author":[{"embeddable":true,"href":"https:\/\/cecbll.cat\/espaicomarca\/wp-json\/wp\/v2\/users\/1"}],"replies":[{"embeddable":true,"href":"https:\/\/cecbll.cat\/espaicomarca\/wp-json\/wp\/v2\/comments?post=1928"}],"version-history":[{"count":3,"href":"https:\/\/cecbll.cat\/espaicomarca\/wp-json\/wp\/v2\/pages\/1928\/revisions"}],"predecessor-version":[{"id":1939,"href":"https:\/\/cecbll.cat\/espaicomarca\/wp-json\/wp\/v2\/pages\/1928\/revisions\/1939"}],"wp:attachment":[{"href":"https:\/\/cecbll.cat\/espaicomarca\/wp-json\/wp\/v2\/media?parent=1928"}],"curies":[{"name":"wp","href":"https:\/\/api.w.org\/{rel}","templated":true}]}}