{"id":188,"date":"2016-01-07T15:21:59","date_gmt":"2016-01-07T15:21:59","guid":{"rendered":"http:\/\/www.trimatge.org\/cecbll\/?page_id=188"},"modified":"2017-01-12T12:48:37","modified_gmt":"2017-01-12T12:48:37","slug":"cami-del-llobregat","status":"publish","type":"page","link":"https:\/\/cecbll.cat\/espaicomarca\/cami-del-llobregat\/","title":{"rendered":"Museus"},"content":{"rendered":"<div id=\"pl-188\"  class=\"panel-layout\" ><div id=\"pg-188-0\"  class=\"panel-grid panel-no-style\" ><div id=\"pgc-188-0-0\"  class=\"panel-grid-cell\" ><div id=\"panel-188-0-0-0\" class=\"so-panel widget widget_sow-image panel-first-child panel-last-child\" data-index=\"0\" ><div\n\t\t\t\n\t\t\tclass=\"so-widget-sow-image so-widget-sow-image-default-8b5b6f678277-188\"\n\t\t\t\n\t\t>\n<div class=\"sow-image-container\">\n\t\t\t<a href=\"http:\/\/cecbll.cat\/espaicomarca\/museu-de-les-matematiques-de-catalunya\/\"\n\t\t\t\t\t>\n\t\t\t<img \n\tsrc=\"https:\/\/cecbll.cat\/espaicomarca\/wp-content\/uploads\/2016\/01\/museu_matematiques_1.jpg\" width=\"1200\" height=\"355\" srcset=\"https:\/\/cecbll.cat\/espaicomarca\/wp-content\/uploads\/2016\/01\/museu_matematiques_1.jpg 1200w, https:\/\/cecbll.cat\/espaicomarca\/wp-content\/uploads\/2016\/01\/museu_matematiques_1-300x89.jpg 300w, https:\/\/cecbll.cat\/espaicomarca\/wp-content\/uploads\/2016\/01\/museu_matematiques_1-1024x303.jpg 1024w, https:\/\/cecbll.cat\/espaicomarca\/wp-content\/uploads\/2016\/01\/museu_matematiques_1-270x80.jpg 270w\" sizes=\"(max-width: 1200px) 100vw, 1200px\" alt=\"\" \t\tclass=\"so-widget-image\"\/>\n\t\t\t<\/a><\/div>\n\n<\/div><\/div><\/div><\/div><div id=\"pg-188-1\"  class=\"panel-grid panel-no-style\" ><div id=\"pgc-188-1-0\"  class=\"panel-grid-cell\" ><div id=\"panel-188-1-0-0\" class=\"so-panel widget widget_sow-editor panel-first-child panel-last-child\" data-index=\"1\" ><div\n\t\t\t\n\t\t\tclass=\"so-widget-sow-editor so-widget-sow-editor-base\"\n\t\t\t\n\t\t><h3 class=\"widget-title\">Museu de les matem\u00e0tiques de Catalunya<\/h3>\n<div class=\"siteorigin-widget-tinymce textwidget\">\n\t<p><strong>Parc de Can Mercader. <\/strong>Ctra. de l'Hospitalet, s\/n. Cornell\u00e0 de Llobregat<\/p>\n<p>El projecte del MMACA pret\u00e9n atendre tant els aspectes l\u00fadics i culturals com les aplicacions de les matem\u00e0tiques amb rigor i amb qualitat, i es veu potenciat gr\u00e0cies a que les matem\u00e0tiques a Catalunya compten amb una... <a href=\"http:\/\/cecbll.cat\/espaicomarca\/museu-de-les-matematiques-de-catalunya\/\">&lt;veure m\u00e9s&gt;<\/a><\/p>\n<\/div>\n<\/div><\/div><\/div><\/div><div id=\"pg-188-2\"  class=\"panel-grid panel-no-style\" ><div id=\"pgc-188-2-0\"  class=\"panel-grid-cell\" ><div id=\"panel-188-2-0-0\" class=\"so-panel widget widget_sow-image panel-first-child panel-last-child\" data-index=\"2\" ><div\n\t\t\t\n\t\t\tclass=\"so-widget-sow-image so-widget-sow-image-default-8b5b6f678277-188\"\n\t\t\t\n\t\t>\n<div class=\"sow-image-container\">\n\t\t\t<a href=\"http:\/\/cecbll.cat\/espaicomarca\/parc-arqueologic-mines-de-gava\/\"\n\t\t\t\t\t>\n\t\t\t<img \n\tsrc=\"https:\/\/cecbll.cat\/espaicomarca\/wp-content\/uploads\/2016\/01\/parc_mines_1.jpg\" width=\"1200\" height=\"355\" srcset=\"https:\/\/cecbll.cat\/espaicomarca\/wp-content\/uploads\/2016\/01\/parc_mines_1.jpg 1200w, https:\/\/cecbll.cat\/espaicomarca\/wp-content\/uploads\/2016\/01\/parc_mines_1-300x89.jpg 300w, https:\/\/cecbll.cat\/espaicomarca\/wp-content\/uploads\/2016\/01\/parc_mines_1-1024x303.jpg 1024w, https:\/\/cecbll.cat\/espaicomarca\/wp-content\/uploads\/2016\/01\/parc_mines_1-270x80.jpg 270w\" sizes=\"(max-width: 1200px) 100vw, 1200px\" alt=\"\" \t\tclass=\"so-widget-image\"\/>\n\t\t\t<\/a><\/div>\n\n<\/div><\/div><\/div><\/div><div id=\"pg-188-3\"  class=\"panel-grid panel-no-style\" ><div id=\"pgc-188-3-0\"  class=\"panel-grid-cell\" ><div id=\"panel-188-3-0-0\" class=\"so-panel widget widget_sow-editor panel-first-child panel-last-child\" data-index=\"3\" ><div\n\t\t\t\n\t\t\tclass=\"so-widget-sow-editor so-widget-sow-editor-base\"\n\t\t\t\n\t\t><h3 class=\"widget-title\">Parc Arqueol\u00f2gic Mines de Gav\u00e0<\/h3>\n<div class=\"siteorigin-widget-tinymce textwidget\">\n\t<p>Jaume I, 7. Gav\u00e0<\/p>\n<p>El jaciment arqueol\u00f2gic de les\u00a0<strong>Mines Prehist\u00f2riques de Gav\u00e0<\/strong>, tamb\u00e9 conegudes com a Mines de Can Tintorer, \u00e9s un jaciment\u00a0neol\u00edtic\u00a0que ocupa les zones de Can Tintorer, les Ferreres i Rocabruna del municipi de Gav\u00e0... <a href=\"http:\/\/cecbll.cat\/espaicomarca\/parc-arqueologic-mines-de-gava\/\">&lt;veure m\u00e9s&gt;<\/a><\/p>\n<\/div>\n<\/div><\/div><\/div><\/div><div id=\"pg-188-4\"  class=\"panel-grid panel-no-style\" ><div id=\"pgc-188-4-0\"  class=\"panel-grid-cell\" ><div id=\"panel-188-4-0-0\" class=\"so-panel widget widget_sow-image panel-first-child panel-last-child\" data-index=\"4\" ><div\n\t\t\t\n\t\t\tclass=\"so-widget-sow-image so-widget-sow-image-default-8b5b6f678277-188\"\n\t\t\t\n\t\t>\n<div class=\"sow-image-container\">\n\t\t\t<a href=\"http:\/\/cecbll.cat\/espaicomarca\/museu-de-la-colonia-sedo\/\"\n\t\t\t\t\t>\n\t\t\t<img \n\tsrc=\"https:\/\/cecbll.cat\/espaicomarca\/wp-content\/uploads\/2016\/01\/museu_colonia_1.jpg\" width=\"1200\" height=\"355\" srcset=\"https:\/\/cecbll.cat\/espaicomarca\/wp-content\/uploads\/2016\/01\/museu_colonia_1.jpg 1200w, https:\/\/cecbll.cat\/espaicomarca\/wp-content\/uploads\/2016\/01\/museu_colonia_1-300x89.jpg 300w, https:\/\/cecbll.cat\/espaicomarca\/wp-content\/uploads\/2016\/01\/museu_colonia_1-1024x303.jpg 1024w, https:\/\/cecbll.cat\/espaicomarca\/wp-content\/uploads\/2016\/01\/museu_colonia_1-270x80.jpg 270w\" sizes=\"(max-width: 1200px) 100vw, 1200px\" alt=\"\" \t\tclass=\"so-widget-image\"\/>\n\t\t\t<\/a><\/div>\n\n<\/div><\/div><\/div><\/div><div id=\"pg-188-5\"  class=\"panel-grid panel-no-style\" ><div id=\"pgc-188-5-0\"  class=\"panel-grid-cell\" ><div id=\"panel-188-5-0-0\" class=\"so-panel widget widget_sow-editor panel-first-child panel-last-child\" data-index=\"5\" ><div\n\t\t\t\n\t\t\tclass=\"so-widget-sow-editor so-widget-sow-editor-base\"\n\t\t\t\n\t\t><h3 class=\"widget-title\">Museu de la Col\u00f2nia Sed\u00f3<\/h3>\n<div class=\"siteorigin-widget-tinymce textwidget\">\n\t<p>C\/ Cont\u00ednues, s\/n - \u00c0rea Industrial Can Sed\u00f3 (Esparreguera).<\/p>\n<p>Als peus del Llobregat, gaireb\u00e9 tocant a Esparreguera, s\u2019al\u00e7a un dels principals testimonis de la hist\u00f2ria industrial de Catalunya: la\u00a0Col\u00f2nia Sed\u00f3. La\u00a0gran turbina\u00a0de 1.400 CV \u00e9s un dels grans atractius... <a href=\"http:\/\/cecbll.cat\/espaicomarca\/museu-de-la-colonia-sedo\/\">&lt;veure m\u00e9s&gt;<\/a>\u00a0<\/p>\n<\/div>\n<\/div><\/div><\/div><\/div><div id=\"pg-188-6\"  class=\"panel-grid panel-no-style\" ><div id=\"pgc-188-6-0\"  class=\"panel-grid-cell\" ><div id=\"panel-188-6-0-0\" class=\"so-panel widget widget_sow-image panel-first-child panel-last-child\" data-index=\"6\" ><div\n\t\t\t\n\t\t\tclass=\"so-widget-sow-image so-widget-sow-image-default-8b5b6f678277-188\"\n\t\t\t\n\t\t>\n<div class=\"sow-image-container\">\n\t\t\t<a href=\"http:\/\/cecbll.cat\/espaicomarca\/museu-deines-del-pages\/\"\n\t\t\t\t\t>\n\t\t\t<img \n\tsrc=\"https:\/\/cecbll.cat\/espaicomarca\/wp-content\/uploads\/2016\/01\/foto_eines_1.jpg\" width=\"1200\" height=\"355\" srcset=\"https:\/\/cecbll.cat\/espaicomarca\/wp-content\/uploads\/2016\/01\/foto_eines_1.jpg 1200w, https:\/\/cecbll.cat\/espaicomarca\/wp-content\/uploads\/2016\/01\/foto_eines_1-300x89.jpg 300w, https:\/\/cecbll.cat\/espaicomarca\/wp-content\/uploads\/2016\/01\/foto_eines_1-1024x303.jpg 1024w, https:\/\/cecbll.cat\/espaicomarca\/wp-content\/uploads\/2016\/01\/foto_eines_1-270x80.jpg 270w\" sizes=\"(max-width: 1200px) 100vw, 1200px\" alt=\"\" \t\tclass=\"so-widget-image\"\/>\n\t\t\t<\/a><\/div>\n\n<\/div><\/div><\/div><\/div><div id=\"pg-188-7\"  class=\"panel-grid panel-no-style\" ><div id=\"pgc-188-7-0\"  class=\"panel-grid-cell\" ><div id=\"panel-188-7-0-0\" class=\"so-panel widget widget_sow-editor panel-first-child panel-last-child\" data-index=\"7\" ><div\n\t\t\t\n\t\t\tclass=\"so-widget-sow-editor so-widget-sow-editor-base\"\n\t\t\t\n\t\t><h3 class=\"widget-title\">Museu d\u2019Eines del Pag\u00e8s<\/h3>\n<div class=\"siteorigin-widget-tinymce textwidget\">\n\t<p>Esgl\u00e9sia, 20. Sant Climent de Llobregat<\/p>\n<p>Si ning\u00fa recopil\u00e9s dades, si ning\u00fa no mantingu\u00e9s viva la mem\u00f2ria, si no mir\u00e9ssim la vida com un present que dep\u00e8n del passat i es projecta cap el futur, perdr\u00edem una part important de nosaltres mateixos, perdr\u00edem la hist\u00f2ria... <a href=\"http:\/\/cecbll.cat\/espaicomarca\/museu-deines-del-pages\/\">&lt;veure m\u00e9s&gt;<\/a><\/p>\n<\/div>\n<\/div><\/div><\/div><\/div><div id=\"pg-188-8\"  class=\"panel-grid panel-no-style\" ><div id=\"pgc-188-8-0\"  class=\"panel-grid-cell\" ><div id=\"panel-188-8-0-0\" class=\"so-panel widget widget_sow-image panel-first-child panel-last-child\" data-index=\"8\" ><div\n\t\t\t\n\t\t\tclass=\"so-widget-sow-image so-widget-sow-image-default-8b5b6f678277-188\"\n\t\t\t\n\t\t>\n<div class=\"sow-image-container\">\n\t\t\t<a href=\"http:\/\/cecbll.cat\/espaicomarca\/la-masia-museu-de-palleja\/\"\n\t\t\t\t\t>\n\t\t\t<img \n\tsrc=\"https:\/\/cecbll.cat\/espaicomarca\/wp-content\/uploads\/2016\/01\/museu_palleja_1.jpg\" width=\"1200\" height=\"355\" srcset=\"https:\/\/cecbll.cat\/espaicomarca\/wp-content\/uploads\/2016\/01\/museu_palleja_1.jpg 1200w, https:\/\/cecbll.cat\/espaicomarca\/wp-content\/uploads\/2016\/01\/museu_palleja_1-300x89.jpg 300w, https:\/\/cecbll.cat\/espaicomarca\/wp-content\/uploads\/2016\/01\/museu_palleja_1-1024x303.jpg 1024w, https:\/\/cecbll.cat\/espaicomarca\/wp-content\/uploads\/2016\/01\/museu_palleja_1-270x80.jpg 270w\" sizes=\"(max-width: 1200px) 100vw, 1200px\" alt=\"\" \t\tclass=\"so-widget-image\"\/>\n\t\t\t<\/a><\/div>\n\n<\/div><\/div><\/div><\/div><div id=\"pg-188-9\"  class=\"panel-grid panel-no-style\" ><div id=\"pgc-188-9-0\"  class=\"panel-grid-cell\" ><div id=\"panel-188-9-0-0\" class=\"so-panel widget widget_sow-editor panel-first-child panel-last-child\" data-index=\"9\" ><div\n\t\t\t\n\t\t\tclass=\"so-widget-sow-editor so-widget-sow-editor-base\"\n\t\t\t\n\t\t><h3 class=\"widget-title\">La Masia Museu de Pallej\u00e0<\/h3>\n<div class=\"siteorigin-widget-tinymce textwidget\">\n\t<p>Pla\u00e7a Verdaguer, 5. Pallej\u00e0.<\/p>\n<p>La Masia Museu est\u00e0 situada a ca l\u2019Albareda de la pla\u00e7a, masia constru\u00efda l\u2019any 1615 sobre una casa anterior, que despr\u00e9s ha tingut diverses modificacions al llarg dels segles XVIII i XIX. Els seus propietaris, la fam\u00edlia Albareda... <a href=\"http:\/\/cecbll.cat\/espaicomarca\/la-masia-museu-de-palleja\/\">&lt;veure m\u00e9s&gt;<\/a><\/p>\n<\/div>\n<\/div><\/div><\/div><\/div><div id=\"pg-188-10\"  class=\"panel-grid panel-no-style\" ><div id=\"pgc-188-10-0\"  class=\"panel-grid-cell\" ><div id=\"panel-188-10-0-0\" class=\"so-panel widget widget_sow-image panel-first-child panel-last-child\" data-index=\"10\" ><div\n\t\t\t\n\t\t\tclass=\"so-widget-sow-image so-widget-sow-image-default-8b5b6f678277-188\"\n\t\t\t\n\t\t>\n<div class=\"sow-image-container\">\n\t\t\t<a href=\"http:\/\/cecbll.cat\/espaicomarca\/museu-municipal-de-molins-de-rei\/\"\n\t\t\t\t\t>\n\t\t\t<img \n\tsrc=\"https:\/\/cecbll.cat\/espaicomarca\/wp-content\/uploads\/2016\/01\/museu_molins_1.jpg\" width=\"1200\" height=\"355\" srcset=\"https:\/\/cecbll.cat\/espaicomarca\/wp-content\/uploads\/2016\/01\/museu_molins_1.jpg 1200w, https:\/\/cecbll.cat\/espaicomarca\/wp-content\/uploads\/2016\/01\/museu_molins_1-300x89.jpg 300w, https:\/\/cecbll.cat\/espaicomarca\/wp-content\/uploads\/2016\/01\/museu_molins_1-1024x303.jpg 1024w, https:\/\/cecbll.cat\/espaicomarca\/wp-content\/uploads\/2016\/01\/museu_molins_1-270x80.jpg 270w\" sizes=\"(max-width: 1200px) 100vw, 1200px\" alt=\"\" \t\tclass=\"so-widget-image\"\/>\n\t\t\t<\/a><\/div>\n\n<\/div><\/div><\/div><\/div><div id=\"pg-188-11\"  class=\"panel-grid panel-no-style\" ><div id=\"pgc-188-11-0\"  class=\"panel-grid-cell\" ><div id=\"panel-188-11-0-0\" class=\"so-panel widget widget_sow-editor panel-first-child panel-last-child\" data-index=\"11\" ><div\n\t\t\t\n\t\t\tclass=\"so-widget-sow-editor so-widget-sow-editor-base\"\n\t\t\t\n\t\t><h3 class=\"widget-title\">Museu Municipal de Molins de Rei<\/h3>\n<div class=\"siteorigin-widget-tinymce textwidget\">\n\t<p>Carrer Pintor Fortuny, 55. Molins de Rei.<\/p>\n<p>El Museu de Molins de Rei va ser creat l'any 1953 en el si de la F\u00e0brica T\u00e8xtil Can Samaranch com a iniciativa d'Enric Madorell i Claramunt (1897-1990), director d'aquesta ind\u00fastria i una de les figures m\u00e9s vinculades a la hist\u00f2ria de la vila... <a href=\"http:\/\/cecbll.cat\/espaicomarca\/museu-municipal-de-molins-de-rei\/\">&lt;veure m\u00e9s&gt;<\/a><\/p>\n<\/div>\n<\/div><\/div><\/div><\/div><div id=\"pg-188-12\"  class=\"panel-grid panel-no-style\" ><div id=\"pgc-188-12-0\"  class=\"panel-grid-cell\" ><div id=\"panel-188-12-0-0\" class=\"so-panel widget widget_sow-image panel-first-child panel-last-child\" data-index=\"12\" ><div\n\t\t\t\n\t\t\tclass=\"so-widget-sow-image so-widget-sow-image-default-8b5b6f678277-188\"\n\t\t\t\n\t\t>\n<div class=\"sow-image-container\">\n\t\t\t<a href=\"http:\/\/cecbll.cat\/espaicomarca\/termes-romanes\/\"\n\t\t\t\t\t>\n\t\t\t<img \n\tsrc=\"https:\/\/cecbll.cat\/espaicomarca\/wp-content\/uploads\/2016\/01\/termes_romanes_1.jpg\" width=\"1200\" height=\"355\" srcset=\"https:\/\/cecbll.cat\/espaicomarca\/wp-content\/uploads\/2016\/01\/termes_romanes_1.jpg 1200w, https:\/\/cecbll.cat\/espaicomarca\/wp-content\/uploads\/2016\/01\/termes_romanes_1-300x89.jpg 300w, https:\/\/cecbll.cat\/espaicomarca\/wp-content\/uploads\/2016\/01\/termes_romanes_1-1024x303.jpg 1024w, https:\/\/cecbll.cat\/espaicomarca\/wp-content\/uploads\/2016\/01\/termes_romanes_1-270x80.jpg 270w\" sizes=\"(max-width: 1200px) 100vw, 1200px\" alt=\"\" \t\tclass=\"so-widget-image\"\/>\n\t\t\t<\/a><\/div>\n\n<\/div><\/div><\/div><\/div><div id=\"pg-188-13\"  class=\"panel-grid panel-no-style\" ><div id=\"pgc-188-13-0\"  class=\"panel-grid-cell\" ><div id=\"panel-188-13-0-0\" class=\"so-panel widget widget_sow-editor panel-first-child panel-last-child\" data-index=\"13\" ><div\n\t\t\t\n\t\t\tclass=\"so-widget-sow-editor so-widget-sow-editor-base\"\n\t\t\t\n\t\t><h3 class=\"widget-title\">Termes Romanes<\/h3>\n<div class=\"siteorigin-widget-tinymce textwidget\">\n\t<p>Avinguda Maria Girona, cantonada carrer Hospital. Sant Boi de Llobregat<\/p>\n<p>Les\u00a0termes romanes de Sant Boi\u00a0s\u00f3n un conjunt de cambres de bany dotades d\u2019un sofisticat sistema de calefacci\u00f3. A les\u00a0termes p\u00fabliques\u00a0hi tenien lloc, a banda del bany, activitats com l\u2019esport, tractaments d\u2019est\u00e8tica...\u00a0<a href=\"http:\/\/cecbll.cat\/espaicomarca\/termes-romanes\/\">&lt;veure m\u00e9s&gt;<\/a><\/p>\n<\/div>\n<\/div><\/div><\/div><\/div><\/div>","protected":false},"excerpt":{"rendered":"<p>Parc de Can Mercader. Ctra. de l&#8217;Hospitalet, s\/n. Cornell\u00e0 de LlobregatEl projecte del MMACA pret\u00e9n atendre tant els aspectes l\u00fadics [&hellip;]<\/p>\n","protected":false},"author":1,"featured_media":0,"parent":0,"menu_order":0,"comment_status":"closed","ping_status":"closed","template":"","meta":{"footnotes":"","_links_to":"","_links_to_target":""},"class_list":["post-188","page","type-page","status-publish","hentry"],"_links":{"self":[{"href":"https:\/\/cecbll.cat\/espaicomarca\/wp-json\/wp\/v2\/pages\/188","targetHints":{"allow":["GET"]}}],"collection":[{"href":"https:\/\/cecbll.cat\/espaicomarca\/wp-json\/wp\/v2\/pages"}],"about":[{"href":"https:\/\/cecbll.cat\/espaicomarca\/wp-json\/wp\/v2\/types\/page"}],"author":[{"embeddable":true,"href":"https:\/\/cecbll.cat\/espaicomarca\/wp-json\/wp\/v2\/users\/1"}],"replies":[{"embeddable":true,"href":"https:\/\/cecbll.cat\/espaicomarca\/wp-json\/wp\/v2\/comments?post=188"}],"version-history":[{"count":17,"href":"https:\/\/cecbll.cat\/espaicomarca\/wp-json\/wp\/v2\/pages\/188\/revisions"}],"predecessor-version":[{"id":988,"href":"https:\/\/cecbll.cat\/espaicomarca\/wp-json\/wp\/v2\/pages\/188\/revisions\/988"}],"wp:attachment":[{"href":"https:\/\/cecbll.cat\/espaicomarca\/wp-json\/wp\/v2\/media?parent=188"}],"curies":[{"name":"wp","href":"https:\/\/api.w.org\/{rel}","templated":true}]}}