{"id":1786,"date":"2017-02-16T11:33:55","date_gmt":"2017-02-16T11:33:55","guid":{"rendered":"http:\/\/cecbll.cat\/espaicomarca\/?page_id=1786"},"modified":"2017-02-16T11:34:31","modified_gmt":"2017-02-16T11:34:31","slug":"itinerari-de-lespai-natural-remolar-filipines","status":"publish","type":"page","link":"https:\/\/cecbll.cat\/espaicomarca\/itinerari-de-lespai-natural-remolar-filipines\/","title":{"rendered":"Itinerari de l\u2019espai natural Remolar\u2013Filipines"},"content":{"rendered":"<p>Aquest \u00e9s un itinerari destinat a tot tipus de p\u00fablic interessat per la descoberta de la natura. El seu recorregut transcorre per l\u2019espai natural Remolar-Filipines i la seva zona d\u2019influ\u00e8ncia.<\/p>\n<p>\u00c9s una ruta adequada per a totes les edats, ja que \u00e9s de curta dist\u00e0ncia i amb poc desnivell. Es pot observar la flora i fauna aut\u00f2ctona del delta del Llobregat.<\/p>\n<p>A l\u2019inici trobareu el mirador de la Reguera Salobrosa, que permet una bona panor\u00e0mica de la cap\u00e7alera del bra\u00e7 de la Vidala.<\/p>\n<p>Al punt d\u2019informaci\u00f3 us explicaran els possibles itineraris que hi ha dins la reserva natural i les darreres novetats, tant de floraci\u00f3 com de fauna. A pocs metres s\u2019inicia el recorregut de la maresma de les Filipines. El cam\u00ed creua la Vidala i el cos central de l\u2019estany del Remolar.<\/p>\n<p>Seguiu el cam\u00ed que porta a l\u2019aguait de la Maresma i, despr\u00e9s de les indicacions de \u201cPrat d\u2019orqu\u00eddies\u201d, us trobareu en una placeta envoltada de plantatge crassifoli on podreu observar una de les majors concentracions i diversitat d\u2019orqu\u00eddies del Delta (entre febrer i juny).<\/p>\n<p>Al sortir\u00a0de l\u2019aguait de la Maresma, trobareu les indicacions que us portaran a l\u2019aguait de la bassa dels Pollancres.<\/p>\n<p>Per finalitzar el recorregut tornareu al punt d\u2019informaci\u00f3.<\/p>\n<p>&nbsp;<\/p>\n<p><strong>Font de la informaci\u00f3:<\/strong>\u00a0Consorci per a la Protecci\u00f3 i Gesti\u00f3 dels Espais Naturals del Delta del Llobregat. www.deltallobregat.cat<\/p>\n","protected":false},"excerpt":{"rendered":"<p>Aquest \u00e9s un itinerari destinat a tot tipus de p\u00fablic interessat per la descoberta de la natura. El seu recorregut [&hellip;]<\/p>\n","protected":false},"author":1,"featured_media":1788,"parent":0,"menu_order":0,"comment_status":"closed","ping_status":"closed","template":"","meta":{"footnotes":"","_links_to":"","_links_to_target":""},"class_list":["post-1786","page","type-page","status-publish","has-post-thumbnail","hentry"],"_links":{"self":[{"href":"https:\/\/cecbll.cat\/espaicomarca\/wp-json\/wp\/v2\/pages\/1786","targetHints":{"allow":["GET"]}}],"collection":[{"href":"https:\/\/cecbll.cat\/espaicomarca\/wp-json\/wp\/v2\/pages"}],"about":[{"href":"https:\/\/cecbll.cat\/espaicomarca\/wp-json\/wp\/v2\/types\/page"}],"author":[{"embeddable":true,"href":"https:\/\/cecbll.cat\/espaicomarca\/wp-json\/wp\/v2\/users\/1"}],"replies":[{"embeddable":true,"href":"https:\/\/cecbll.cat\/espaicomarca\/wp-json\/wp\/v2\/comments?post=1786"}],"version-history":[{"count":1,"href":"https:\/\/cecbll.cat\/espaicomarca\/wp-json\/wp\/v2\/pages\/1786\/revisions"}],"predecessor-version":[{"id":1789,"href":"https:\/\/cecbll.cat\/espaicomarca\/wp-json\/wp\/v2\/pages\/1786\/revisions\/1789"}],"wp:featuredmedia":[{"embeddable":true,"href":"https:\/\/cecbll.cat\/espaicomarca\/wp-json\/wp\/v2\/media\/1788"}],"wp:attachment":[{"href":"https:\/\/cecbll.cat\/espaicomarca\/wp-json\/wp\/v2\/media?parent=1786"}],"curies":[{"name":"wp","href":"https:\/\/api.w.org\/{rel}","templated":true}]}}