{"id":1754,"date":"2017-02-16T10:54:52","date_gmt":"2017-02-16T10:54:52","guid":{"rendered":"http:\/\/cecbll.cat\/espaicomarca\/?page_id=1754"},"modified":"2017-02-16T10:54:52","modified_gmt":"2017-02-16T10:54:52","slug":"el-cami-de-can-palet-riera-de-corbera-i-pou-de-glac","status":"publish","type":"page","link":"https:\/\/cecbll.cat\/espaicomarca\/el-cami-de-can-palet-riera-de-corbera-i-pou-de-glac\/","title":{"rendered":"El cam\u00ed de can Palet, riera de Corbera i pou de gla\u00e7"},"content":{"rendered":"<p>Un itinerari circular, amb predomini dels\u00a0ambients forestals i riberencs, que ressegueix la riera de\u00a0Corbera, a cavall entre Sant Andreu i Corbera, passant per la Mola d&#8217;en\u00a0Valls i acabant al pou de gla\u00e7.<\/p>\n<p>Aquest itinerari ple de contrastos arrenca del carrer de Llu\u00eds Companys, que d\u00f3na lloc al cam\u00ed de can Palet a 500 metres de l&#8217;estaci\u00f3 de tren de Sant Andreu de la Barca.<\/p>\n<p>EI cam\u00ed fa un primer revolt tancat i deixa, a l&#8217;esquerra, una barraca de vinya. Poc despr\u00e9s surt un cam\u00ed ben marcat a l&#8217;esquerra, que davalla vers la riera. En interseccionar amb\u00a0un cam\u00ed ample, cal girar primer a l&#8217;esquerra i poc despr\u00e9s tombar a la dreta, prenent un corriol costerut que baixa, ara s\u00ed, a trobar el caminet paral\u00b7lel a la riera.<\/p>\n<p>En aquest punt tenim, a m\u00e0 esquerra, un mirador amb vistes de la riera i d&#8217;un tram ben conservat de l&#8217;antic aq\u00fceducte. El cam\u00ed esdev\u00e9 m\u00e9s estret mentre la riera queda progressivament encaixada entre blocs de conglomerat vermell, fins que, ben aviat, arribem a la Mola d&#8217;en Valls, on l&#8217;aigua s&#8217;obre pas entre el rocam creant un estret engorjat amb cascada inclosa. Prosseguim i trobem, uns minuts m\u00e9s tard, una senyalitzaci\u00f3 de fusta que ens indica l&#8217;opci\u00f3 de creuar la riera i enfilar per una escala de fusta fins trobar la urbanitzaci\u00f3 de Mas d&#8217;en Puig.<\/p>\n<p>Continuem pel cam\u00ed paral\u00b7lel al riu fins situar-nos sota la urbanitzaci\u00f3 de La Solera, on el cam\u00ed es desdibuixa moment\u00e0niament i cal resseguir la llera arran d&#8217;aigua tot creuant la riera en dues ocasions. A continuaci\u00f3 ens queda al davant una antiga resclosa, amb una caseta a la dreta on es pot veure el filtre de decantaci\u00f3 de sorres\u00a0i restes vegetals.<\/p>\n<p>Remuntem l&#8217;ample cam\u00ed fins arribar a la pista principal que hav\u00edem pres de bon inici (cam\u00ed de Can Palet) i tombem a l&#8217; esquerra, tot creuant la riera pel pont de ca n&#8217;Amig\u00f3. Aquest cam\u00ed, molt agradable, davalla suaument entre pins i alzines, amb el marge dret amb murs de mamposteria ben conservats.<\/p>\n<p>A uns centenars de metres conflu\u00efm en un cam\u00ed m\u00e9s ample, que prendrem a l&#8217;esquerra en direcci\u00f3 a la riera i a Sant Andreu de la Barca. Just abans d&#8217;iniciar la baixada, trobem la roca de la Mala Dona, una excel\u00b7lent talaia per contemplar Sant Lloren\u00e7 de Munt, el castell d&#8217;El Papiol i la torre de comunicacions de Collserola. Hi podem veure restes de les antigues roderes de carro, que enlla\u00e7aven el Pened\u00e8s i l&#8217;Ordal amb la vall del Llobregat. La baixada esdev\u00e9 ac\u00ed forta i cal anar amb cura. A mitja baixada trobem una desviaci\u00f3, que deixa a m\u00e0 dreta el PR o cam\u00ed de la barca, que prendrem a l&#8217;esquerra.<\/p>\n<p>Des d&#8217;ac\u00ed veurem, just sota nostre, el pou de gla\u00e7 i, a l&#8217;esquerra, els horts del tram final de la riera de Corbera. Acabem la baixada i ens podem acostar fins el pou de gla\u00e7, encara en bon estat, o b\u00e9 deturar-nos una estona als prats recentment restaurats, a tocar de la riera de Corbera, ideals per berenar tot contemplant l&#8217;aigua i les magn\u00edfiques formacions de conglomerat vermell.<\/p>\n<p>Davallem riera avall fins un petit pont que la creua, el qual agafarem i seguim fins un petit sender que passa arran dels horts aterrassats a frec de la via del tren. Remuntem aquest estret cam\u00ed fins arribar a l&#8217;avinguda Francesc Maci\u00e0, on podem enlla\u00e7ar f\u00e0cilment amb l&#8217;estaci\u00f3 de tren o qualsevol altre punt de la poblaci\u00f3.<\/p>\n<p><strong>\u00a0<\/strong><\/p>\n<p><strong>Durada: 2 hores<\/strong><br \/>\n<strong>Dist\u00e0ncia: 3,7 km<\/strong><\/p>\n","protected":false},"excerpt":{"rendered":"<p>Un itinerari circular, amb predomini dels\u00a0ambients forestals i riberencs, que ressegueix la riera de\u00a0Corbera, a cavall entre Sant Andreu i [&hellip;]<\/p>\n","protected":false},"author":1,"featured_media":1755,"parent":0,"menu_order":0,"comment_status":"closed","ping_status":"closed","template":"","meta":{"footnotes":"","_links_to":"","_links_to_target":""},"class_list":["post-1754","page","type-page","status-publish","has-post-thumbnail","hentry"],"_links":{"self":[{"href":"https:\/\/cecbll.cat\/espaicomarca\/wp-json\/wp\/v2\/pages\/1754","targetHints":{"allow":["GET"]}}],"collection":[{"href":"https:\/\/cecbll.cat\/espaicomarca\/wp-json\/wp\/v2\/pages"}],"about":[{"href":"https:\/\/cecbll.cat\/espaicomarca\/wp-json\/wp\/v2\/types\/page"}],"author":[{"embeddable":true,"href":"https:\/\/cecbll.cat\/espaicomarca\/wp-json\/wp\/v2\/users\/1"}],"replies":[{"embeddable":true,"href":"https:\/\/cecbll.cat\/espaicomarca\/wp-json\/wp\/v2\/comments?post=1754"}],"version-history":[{"count":1,"href":"https:\/\/cecbll.cat\/espaicomarca\/wp-json\/wp\/v2\/pages\/1754\/revisions"}],"predecessor-version":[{"id":1756,"href":"https:\/\/cecbll.cat\/espaicomarca\/wp-json\/wp\/v2\/pages\/1754\/revisions\/1756"}],"wp:featuredmedia":[{"embeddable":true,"href":"https:\/\/cecbll.cat\/espaicomarca\/wp-json\/wp\/v2\/media\/1755"}],"wp:attachment":[{"href":"https:\/\/cecbll.cat\/espaicomarca\/wp-json\/wp\/v2\/media?parent=1754"}],"curies":[{"name":"wp","href":"https:\/\/api.w.org\/{rel}","templated":true}]}}