{"id":1526,"date":"2017-02-15T08:34:12","date_gmt":"2017-02-15T08:34:12","guid":{"rendered":"http:\/\/cecbll.cat\/espaicomarca\/?page_id=1526"},"modified":"2017-02-15T08:39:25","modified_gmt":"2017-02-15T08:39:25","slug":"itinerari-de-gava-la-ruta-del-ferro","status":"publish","type":"page","link":"https:\/\/cecbll.cat\/espaicomarca\/itinerari-de-gava-la-ruta-del-ferro\/","title":{"rendered":"Itinerari de Gav\u00e0.  La ruta del ferro"},"content":{"rendered":"<p>Agafem el carrer de Clara Campoamor fins al final, seguim per un vial on no hi ha habitatges i on podem contemplar \u00e0mplies vistes del Delta. Arribar\u00e0 un moment que veurem al costat de muntanya una pista forestal. La seguirem per endinsar-nos en la serra de les Ferreres, on el Garraf es torna negre gr\u00e0cies a un rocam de l&#8217;era paleozoica que \u00e9s ric en minerals de ferro, com ho demostra la pres\u00e8ncia de mines abandonades o el mateix nom de la serra. Els pinyons dels pins blancs de la zona alimenten nombrosos esquirols.<\/p>\n<p>Acabada la pista forestal creuem amb compte la carretera de Gav\u00e0 a Begues i ens endinsem en un cam\u00ed que du a can Mas (segle XVI) fins arribar a una drecera a m\u00e0 dreta, al costat d&#8217;un gran roure, que s&#8217;enfila per un bosc i que agafarem per arribar a Bruguers. De nou creuem la carretera i, passant pel carrer que ens queda a la dreta del restaurant les Fonts de Bruguers, anirem per un corriol amb fort pendent que baixa a la font de la Salamandra. Seguim el corriol (sense deixar mai els senyals de GR) en direcci\u00f3 est, fins a trobar una ampla pista forestal. Per aquesta pista, una mica m\u00e9s endavant, i a m\u00e0 dreta, trobem la font del Ferro, amb aig\u00fces d&#8217;un alt percentatge de ferro. Tornem a la pista ampla per un cam\u00ed que trobem a m\u00e0 esquerra, i que ens porta fins a can Roig. Prosseguim per aquest sender per travessar la riera de Sant Lloren\u00e7 i seguirem aquesta pista fins al barri de can Tries, que enlla\u00e7a el nucli urb\u00e0.<strong>\u00a0<\/strong><\/p>\n<p><strong>Dist\u00e0ncia i durada<\/strong>: 7.27 quil\u00f2metres. 2.30 minuts, aproximadament.<\/p>\n<p><strong>Altres dades:<\/strong>\u00a0Apte per a tot tipus de persones acostumades a caminar. Alguns trams es poden fer en BTT (salvant els trams de fort pendent).<\/p>\n<p><strong>M\u00e9s informaci\u00f3:<\/strong>\u00a0Museu de Gav\u00e0. Tel\u00e8fon 93 263 96 10<br \/>\nCentre d&#8217;Hist\u00f2ria de la Ciutat. Tel\u00e8fon 93 263 96 30<\/p>\n","protected":false},"excerpt":{"rendered":"<p>Agafem el carrer de Clara Campoamor fins al final, seguim per un vial on no hi ha habitatges i on [&hellip;]<\/p>\n","protected":false},"author":1,"featured_media":1528,"parent":0,"menu_order":0,"comment_status":"closed","ping_status":"closed","template":"","meta":{"footnotes":"","_links_to":"","_links_to_target":""},"class_list":["post-1526","page","type-page","status-publish","has-post-thumbnail","hentry"],"_links":{"self":[{"href":"https:\/\/cecbll.cat\/espaicomarca\/wp-json\/wp\/v2\/pages\/1526","targetHints":{"allow":["GET"]}}],"collection":[{"href":"https:\/\/cecbll.cat\/espaicomarca\/wp-json\/wp\/v2\/pages"}],"about":[{"href":"https:\/\/cecbll.cat\/espaicomarca\/wp-json\/wp\/v2\/types\/page"}],"author":[{"embeddable":true,"href":"https:\/\/cecbll.cat\/espaicomarca\/wp-json\/wp\/v2\/users\/1"}],"replies":[{"embeddable":true,"href":"https:\/\/cecbll.cat\/espaicomarca\/wp-json\/wp\/v2\/comments?post=1526"}],"version-history":[{"count":1,"href":"https:\/\/cecbll.cat\/espaicomarca\/wp-json\/wp\/v2\/pages\/1526\/revisions"}],"predecessor-version":[{"id":1527,"href":"https:\/\/cecbll.cat\/espaicomarca\/wp-json\/wp\/v2\/pages\/1526\/revisions\/1527"}],"wp:featuredmedia":[{"embeddable":true,"href":"https:\/\/cecbll.cat\/espaicomarca\/wp-json\/wp\/v2\/media\/1528"}],"wp:attachment":[{"href":"https:\/\/cecbll.cat\/espaicomarca\/wp-json\/wp\/v2\/media?parent=1526"}],"curies":[{"name":"wp","href":"https:\/\/api.w.org\/{rel}","templated":true}]}}