{"id":1198,"date":"2017-01-16T10:53:34","date_gmt":"2017-01-16T10:53:34","guid":{"rendered":"http:\/\/cecbll.cat\/espaicomarca\/?page_id=1198"},"modified":"2017-01-16T10:53:34","modified_gmt":"2017-01-16T10:53:34","slug":"les-roques-blaves","status":"publish","type":"page","link":"https:\/\/cecbll.cat\/espaicomarca\/les-roques-blaves\/","title":{"rendered":"Les roques blaves"},"content":{"rendered":"<p><strong>Esparreguera<\/strong><\/p>\n<p>Indret d\u2019inter\u00e8s geol\u00f2gic que es va formar durant el Neogen pel trencament de dues falles, per causa del qual les roques van rebre una alta pressi\u00f3 i temperatura que van formar les actuals farines de falla de color turquesa.<\/p>\n<p>Les Roques Blaves \u00e9s un espai natural situat al municipi d&#8217;Esparreguera. Entre l&#8217;altipl\u00e0 on es troba el municipi i l&#8217;altipl\u00e0 de l&#8217;ermita del puig, l&#8217;erosi\u00f3 de la riera de les roques blaves deixa al descobert unes formacions rocoses de color blau. L&#8217;espai \u00e9s ideal per practicar excursionisme i btt. L&#8217;entrada de vehicles motoritzats est\u00e0 prohibida.<\/p>\n","protected":false},"excerpt":{"rendered":"<p>Esparreguera Indret d\u2019inter\u00e8s geol\u00f2gic que es va formar durant el Neogen pel trencament de dues falles, per causa del qual [&hellip;]<\/p>\n","protected":false},"author":1,"featured_media":1199,"parent":0,"menu_order":0,"comment_status":"closed","ping_status":"closed","template":"","meta":{"footnotes":"","_links_to":"","_links_to_target":""},"class_list":["post-1198","page","type-page","status-publish","has-post-thumbnail","hentry"],"_links":{"self":[{"href":"https:\/\/cecbll.cat\/espaicomarca\/wp-json\/wp\/v2\/pages\/1198","targetHints":{"allow":["GET"]}}],"collection":[{"href":"https:\/\/cecbll.cat\/espaicomarca\/wp-json\/wp\/v2\/pages"}],"about":[{"href":"https:\/\/cecbll.cat\/espaicomarca\/wp-json\/wp\/v2\/types\/page"}],"author":[{"embeddable":true,"href":"https:\/\/cecbll.cat\/espaicomarca\/wp-json\/wp\/v2\/users\/1"}],"replies":[{"embeddable":true,"href":"https:\/\/cecbll.cat\/espaicomarca\/wp-json\/wp\/v2\/comments?post=1198"}],"version-history":[{"count":1,"href":"https:\/\/cecbll.cat\/espaicomarca\/wp-json\/wp\/v2\/pages\/1198\/revisions"}],"predecessor-version":[{"id":1200,"href":"https:\/\/cecbll.cat\/espaicomarca\/wp-json\/wp\/v2\/pages\/1198\/revisions\/1200"}],"wp:featuredmedia":[{"embeddable":true,"href":"https:\/\/cecbll.cat\/espaicomarca\/wp-json\/wp\/v2\/media\/1199"}],"wp:attachment":[{"href":"https:\/\/cecbll.cat\/espaicomarca\/wp-json\/wp\/v2\/media?parent=1198"}],"curies":[{"name":"wp","href":"https:\/\/api.w.org\/{rel}","templated":true}]}}

<p><strong>Esparreguera</strong></p>
<p>Indret d’interès geològic que es va formar durant el Neogen pel trencament de dues falles, per causa del qual les roques van rebre una alta pressió i temperatura que van formar les actuals farines de falla de color turquesa.</p>
<p>Les Roques Blaves és un espai natural situat al municipi d&#8217;Esparreguera. Entre l&#8217;altiplà on es troba el municipi i l&#8217;altiplà de l&#8217;ermita del puig, l&#8217;erosió de la riera de les roques blaves deixa al descobert unes formacions rocoses de color blau. L&#8217;espai és ideal per practicar excursionisme i btt. L&#8217;entrada de vehicles motoritzats està prohibida.</p>

<p>Esparreguera Indret d’interès geològic que es va formar durant el Neogen pel trencament de dues falles, per causa del qual [&hellip;]</p>
