{"id":1121,"date":"2017-01-16T08:37:24","date_gmt":"2017-01-16T08:37:24","guid":{"rendered":"http:\/\/cecbll.cat\/espaicomarca\/?page_id=1121"},"modified":"2017-01-16T08:38:04","modified_gmt":"2017-01-16T08:38:04","slug":"coves-del-salnitre","status":"publish","type":"page","link":"https:\/\/cecbll.cat\/espaicomarca\/coves-del-salnitre\/","title":{"rendered":"Coves del Salnitre"},"content":{"rendered":"<p><strong>Collbat\u00f3<\/strong><\/p>\n<p><strong>\u00a0<\/strong>Les\u00a0coves del Salnitre, ubicades al\u00a0mass\u00eds de Montserrat s\u00f3n de sistema\u00a0c\u00e0rstic, en\u00a0conglomerat, principalment\u00a0calcaris. S\u00f3n riques en\u00a0minerals\u00a0fosfatats\u00a0i antigament hi va haver explotacions de\u00a0salnitre. En el seu interior alberguen el conjunt de sales m\u00e9s grans de\u00a0Catalunya.<\/p>\n<p>Es diu que les seves formes org\u00e0niques i ondulants van inspirar a Gaud\u00ed\u00a0per a obres com la\u00a0Sagrada Fam\u00edlia. Als mesos de juliol, a la Sala de la Catedral, se celebra el \u00abFestival Gong\u00bb que ofereix concerts de m\u00fasica de noves sonoritats.<\/p>\n<p>La longitud visitable de les coves \u00e9s de 549 metres amb un desnivell de 20 metres i una temperatura interior de 14\u00a0\u00b0C. La part superior de la cova no est\u00e0 adaptada per a la visita tur\u00edstica (\u00e9s l&#8217;\u00fanica zona que no \u00e9s possible rec\u00f3rrer), per\u00f2 la resta s&#8217;il\u00b7lumina a mesura que el grup de visitants va avan\u00e7ant pel seu interior.<\/p>\n<p>&nbsp;<\/p>\n<p>LES COVES DEL SALNITRE RESTARAN TANCADES PER UN PER\u00cdODE DE 2-3 MESOS A PARTIR DEL GENER DE 2017 PER OBRES DE MILLORA A L&#8217;ACC\u00c9S I AL RECORREGUT INTERIOR.\u00a0\u00a0AVISAREM DE LA REOBERTURA! PER A M\u00c9S INFO TRUQUEU AL 93.777.90.76.<\/p>\n<p><strong>\u00a0<\/strong><\/p>\n<p><strong>\u00a0<\/strong><\/p>\n<p>&nbsp;<\/p>\n","protected":false},"excerpt":{"rendered":"<p>Collbat\u00f3 \u00a0Les\u00a0coves del Salnitre, ubicades al\u00a0mass\u00eds de Montserrat s\u00f3n de sistema\u00a0c\u00e0rstic, en\u00a0conglomerat, principalment\u00a0calcaris. S\u00f3n riques en\u00a0minerals\u00a0fosfatats\u00a0i antigament hi va haver [&hellip;]<\/p>\n","protected":false},"author":1,"featured_media":1122,"parent":0,"menu_order":0,"comment_status":"closed","ping_status":"closed","template":"","meta":{"footnotes":"","_links_to":"","_links_to_target":""},"class_list":["post-1121","page","type-page","status-publish","has-post-thumbnail","hentry"],"_links":{"self":[{"href":"https:\/\/cecbll.cat\/espaicomarca\/wp-json\/wp\/v2\/pages\/1121","targetHints":{"allow":["GET"]}}],"collection":[{"href":"https:\/\/cecbll.cat\/espaicomarca\/wp-json\/wp\/v2\/pages"}],"about":[{"href":"https:\/\/cecbll.cat\/espaicomarca\/wp-json\/wp\/v2\/types\/page"}],"author":[{"embeddable":true,"href":"https:\/\/cecbll.cat\/espaicomarca\/wp-json\/wp\/v2\/users\/1"}],"replies":[{"embeddable":true,"href":"https:\/\/cecbll.cat\/espaicomarca\/wp-json\/wp\/v2\/comments?post=1121"}],"version-history":[{"count":1,"href":"https:\/\/cecbll.cat\/espaicomarca\/wp-json\/wp\/v2\/pages\/1121\/revisions"}],"predecessor-version":[{"id":1123,"href":"https:\/\/cecbll.cat\/espaicomarca\/wp-json\/wp\/v2\/pages\/1121\/revisions\/1123"}],"wp:featuredmedia":[{"embeddable":true,"href":"https:\/\/cecbll.cat\/espaicomarca\/wp-json\/wp\/v2\/media\/1122"}],"wp:attachment":[{"href":"https:\/\/cecbll.cat\/espaicomarca\/wp-json\/wp\/v2\/media?parent=1121"}],"curies":[{"name":"wp","href":"https:\/\/api.w.org\/{rel}","templated":true}]}}