{"id":1102,"date":"2017-01-13T14:41:49","date_gmt":"2017-01-13T14:41:49","guid":{"rendered":"http:\/\/cecbll.cat\/espaicomarca\/?page_id=1102"},"modified":"2017-01-13T14:41:49","modified_gmt":"2017-01-13T14:41:49","slug":"federacio-obrera-centre-civic-i-cultural","status":"publish","type":"page","link":"https:\/\/cecbll.cat\/espaicomarca\/federacio-obrera-centre-civic-i-cultural\/","title":{"rendered":"Federaci\u00f3 Obrera \u2013 Centre C\u00edvic i Cultural"},"content":{"rendered":"<p><strong>Carrer de Jacint Verdaguer, 48. Molins de Rei<\/strong><\/p>\n<p>L&#8217;edifici actual va ser constru\u00eft l&#8217;any 1921 per l&#8217;arquitecte modernista C\u00e8sar Martinell, d&#8217;acord amb l&#8217;enc\u00e0rrec dels fundadors d&#8217;aquesta associaci\u00f3, hereva del sindicat de Les Tres Classes de Vapor.<\/p>\n<p>La Federaci\u00f3 Obrera esdev\u00e9 el centre cultural i c\u00edvic de refer\u00e8ncia de Molins de Rei, amb una programaci\u00f3 d\u2019activitats culturals, formatives i amb l\u2019objectiu, entre d\u2019altres, de donar suport a totes les entitats, associacions, col\u00b7lectius i promotors per al desenvolupament de la seva activitat.\u00a0 Les entitats i particulars que ho desitgin \u00a0poden demanar la utilitzaci\u00f3 dels seus espais.<\/p>\n<p>La Federaci\u00f3 Obrera acull de manera permanent el centre d\u2019interpretaci\u00f3 sobre el moviment obrer amb l\u2019exposici\u00f3 \u201c&#8217;La Federaci\u00f3 Obrera de Molins de Rei: els valors del moviment obrer&#8217;, que mostra els valors democr\u00e0tics i modernitzadors republicans com ara la llibertat, la igualtat i la solidaritat, que tant es van impulsar durant aquell per\u00edode. El centre tamb\u00e9 explica la reivindicaci\u00f3<strong>\u00a0<\/strong>ciutadana per recuperar l\u2019edifici confiscat durant la dictadura franquista i no retornat al poble fins a ben entrada la democr\u00e0cia. La Federaci\u00f3 s\u2019afegeix a la Xarxa d\u2019Espais de Mem\u00f2ria de Catalunya del Memorial Democr\u00e0tic.<\/p>\n<p><strong>\u00a0<\/strong><\/p>\n<p><strong>HORARI<br \/>\n<\/strong>De dilluns a divendres de 15:30 a 22:00 hores<\/p>\n<p>&nbsp;<\/p>\n","protected":false},"excerpt":{"rendered":"<p>Carrer de Jacint Verdaguer, 48. Molins de Rei L&#8217;edifici actual va ser constru\u00eft l&#8217;any 1921 per l&#8217;arquitecte modernista C\u00e8sar Martinell, [&hellip;]<\/p>\n","protected":false},"author":1,"featured_media":1103,"parent":0,"menu_order":0,"comment_status":"closed","ping_status":"closed","template":"","meta":{"footnotes":"","_links_to":"","_links_to_target":""},"class_list":["post-1102","page","type-page","status-publish","has-post-thumbnail","hentry"],"_links":{"self":[{"href":"https:\/\/cecbll.cat\/espaicomarca\/wp-json\/wp\/v2\/pages\/1102","targetHints":{"allow":["GET"]}}],"collection":[{"href":"https:\/\/cecbll.cat\/espaicomarca\/wp-json\/wp\/v2\/pages"}],"about":[{"href":"https:\/\/cecbll.cat\/espaicomarca\/wp-json\/wp\/v2\/types\/page"}],"author":[{"embeddable":true,"href":"https:\/\/cecbll.cat\/espaicomarca\/wp-json\/wp\/v2\/users\/1"}],"replies":[{"embeddable":true,"href":"https:\/\/cecbll.cat\/espaicomarca\/wp-json\/wp\/v2\/comments?post=1102"}],"version-history":[{"count":1,"href":"https:\/\/cecbll.cat\/espaicomarca\/wp-json\/wp\/v2\/pages\/1102\/revisions"}],"predecessor-version":[{"id":1104,"href":"https:\/\/cecbll.cat\/espaicomarca\/wp-json\/wp\/v2\/pages\/1102\/revisions\/1104"}],"wp:featuredmedia":[{"embeddable":true,"href":"https:\/\/cecbll.cat\/espaicomarca\/wp-json\/wp\/v2\/media\/1103"}],"wp:attachment":[{"href":"https:\/\/cecbll.cat\/espaicomarca\/wp-json\/wp\/v2\/media?parent=1102"}],"curies":[{"name":"wp","href":"https:\/\/api.w.org\/{rel}","templated":true}]}}