{"id":1099,"date":"2017-01-13T14:40:42","date_gmt":"2017-01-13T14:40:42","guid":{"rendered":"http:\/\/cecbll.cat\/espaicomarca\/?page_id=1099"},"modified":"2017-01-13T14:40:42","modified_gmt":"2017-01-13T14:40:42","slug":"can-santoi","status":"publish","type":"page","link":"https:\/\/cecbll.cat\/espaicomarca\/can-santoi\/","title":{"rendered":"Can Santoi"},"content":{"rendered":"<p><strong>Av. Verge de Montserrat, 104. Molins de Rei<\/strong><\/p>\n<p>El Centre d\u2019Educaci\u00f3 Ambiental i de Lleure de Can Santoi, \u00e9s un equipament municipal que disposa d&#8217;un camp d&#8217;aprenentatge del Departament d&#8217;Ensenyament de la Generalitat de Catalunya, una escola de natura i instal\u00b7lacions pr\u00f2pies d&#8217;una casa de col\u00f2nies. Com a casa de col\u00f2nies \u00e9s un espai apte per als esplais, entitats, associacions i persones a t\u00edtol individual o per fer activitats de lleure per a les escoles; com a escola de natura, el seu objectiu \u00e9s formar els escolars i adults en temes mediambientals, partint de programes i activitats sobre la natura. Finalment, com camp d&#8217;aprenentatge es duen a terme programes especialment concebuts amb finalitats pedag\u00f2giques.<\/p>\n<p>&nbsp;<\/p>\n<p><strong>CONTACTE<br \/>\n<\/strong> 93 474 74 74<\/p>\n<p>&nbsp;<\/p>\n","protected":false},"excerpt":{"rendered":"<p>Av. Verge de Montserrat, 104. Molins de Rei El Centre d\u2019Educaci\u00f3 Ambiental i de Lleure de Can Santoi, \u00e9s un [&hellip;]<\/p>\n","protected":false},"author":1,"featured_media":1100,"parent":0,"menu_order":0,"comment_status":"closed","ping_status":"closed","template":"","meta":{"footnotes":"","_links_to":"","_links_to_target":""},"class_list":["post-1099","page","type-page","status-publish","has-post-thumbnail","hentry"],"_links":{"self":[{"href":"https:\/\/cecbll.cat\/espaicomarca\/wp-json\/wp\/v2\/pages\/1099","targetHints":{"allow":["GET"]}}],"collection":[{"href":"https:\/\/cecbll.cat\/espaicomarca\/wp-json\/wp\/v2\/pages"}],"about":[{"href":"https:\/\/cecbll.cat\/espaicomarca\/wp-json\/wp\/v2\/types\/page"}],"author":[{"embeddable":true,"href":"https:\/\/cecbll.cat\/espaicomarca\/wp-json\/wp\/v2\/users\/1"}],"replies":[{"embeddable":true,"href":"https:\/\/cecbll.cat\/espaicomarca\/wp-json\/wp\/v2\/comments?post=1099"}],"version-history":[{"count":1,"href":"https:\/\/cecbll.cat\/espaicomarca\/wp-json\/wp\/v2\/pages\/1099\/revisions"}],"predecessor-version":[{"id":1101,"href":"https:\/\/cecbll.cat\/espaicomarca\/wp-json\/wp\/v2\/pages\/1099\/revisions\/1101"}],"wp:featuredmedia":[{"embeddable":true,"href":"https:\/\/cecbll.cat\/espaicomarca\/wp-json\/wp\/v2\/media\/1100"}],"wp:attachment":[{"href":"https:\/\/cecbll.cat\/espaicomarca\/wp-json\/wp\/v2\/media?parent=1099"}],"curies":[{"name":"wp","href":"https:\/\/api.w.org\/{rel}","templated":true}]}}