{"id":1036,"date":"2017-01-13T12:04:05","date_gmt":"2017-01-13T12:04:05","guid":{"rendered":"http:\/\/cecbll.cat\/espaicomarca\/?page_id=1036"},"modified":"2017-01-13T12:04:27","modified_gmt":"2017-01-13T12:04:27","slug":"moli-de-loli-collbato","status":"publish","type":"page","link":"https:\/\/cecbll.cat\/espaicomarca\/moli-de-loli-collbato\/","title":{"rendered":"Mol\u00ed de l\u2019oli Collbat\u00f3"},"content":{"rendered":"<p><strong>Carrer Pau Bertran, 1. Collbat\u00f3<\/strong><\/p>\n<p>Inicialment era un corral de bestiar que a inicis del segle XX fou reconvertit en mol\u00ed d&#8217;oli. El seu valor cultural rau sobretot en el fet que encara funciona com a premsa, de manera semiartesanal, cosa que permet con\u00e8ixer de primera m\u00e0 a trav\u00e9s de la seva activitat el proc\u00e9s de producci\u00f3 de l&#8217;oli.<\/p>\n<p>Es tracta d&#8217;un edifici de planta trapezo\u00efdal constru\u00eft en un volum senzill aguantat per murs de c\u00e0rrega de gruix variable i amb poques finestres. Els murs s\u00f3n de pedra engaltada amb maons massissos i pedra petita intercalada. La coberta \u00e9s a dues aig\u00fces amb teules \u00e0rabs col\u00b7locades en sec sobre llates i bigues de fusta. L&#8217;\u00fanica nau t\u00e9 petites construccions afegides per acollir-hi l&#8217;oficina i el bany del mol\u00ed, que no respecten les formes i els materials del conjunt. A l&#8217;interior de la nau hi ha els cups per a la premsa d&#8217;oli, maquin\u00e0ria dels anys 20 en estat regular de funcionament i la mola de pedra del mol\u00ed antic. El sostre i la coberta han estat rehabilitats recentment. L&#8217;edifici s&#8217;ha renovat recentment per recuperar la funci\u00f3 de mol\u00ed d&#8217;oli.<\/p>\n<p><strong>\u00a0<\/strong><\/p>\n<p><strong>HORARI<br \/>\n<\/strong>Divendres18,00 a 21,00<br \/>\nDissabte10,00 a 14,00. 18,00 a 21,00<br \/>\nDiumenge 10,00 a 14,00. 18,00 a 21,00<\/p>\n","protected":false},"excerpt":{"rendered":"<p>Carrer Pau Bertran, 1. Collbat\u00f3 Inicialment era un corral de bestiar que a inicis del segle XX fou reconvertit en [&hellip;]<\/p>\n","protected":false},"author":1,"featured_media":1037,"parent":0,"menu_order":0,"comment_status":"closed","ping_status":"closed","template":"","meta":{"footnotes":"","_links_to":"","_links_to_target":""},"class_list":["post-1036","page","type-page","status-publish","has-post-thumbnail","hentry"],"_links":{"self":[{"href":"https:\/\/cecbll.cat\/espaicomarca\/wp-json\/wp\/v2\/pages\/1036","targetHints":{"allow":["GET"]}}],"collection":[{"href":"https:\/\/cecbll.cat\/espaicomarca\/wp-json\/wp\/v2\/pages"}],"about":[{"href":"https:\/\/cecbll.cat\/espaicomarca\/wp-json\/wp\/v2\/types\/page"}],"author":[{"embeddable":true,"href":"https:\/\/cecbll.cat\/espaicomarca\/wp-json\/wp\/v2\/users\/1"}],"replies":[{"embeddable":true,"href":"https:\/\/cecbll.cat\/espaicomarca\/wp-json\/wp\/v2\/comments?post=1036"}],"version-history":[{"count":2,"href":"https:\/\/cecbll.cat\/espaicomarca\/wp-json\/wp\/v2\/pages\/1036\/revisions"}],"predecessor-version":[{"id":1039,"href":"https:\/\/cecbll.cat\/espaicomarca\/wp-json\/wp\/v2\/pages\/1036\/revisions\/1039"}],"wp:featuredmedia":[{"embeddable":true,"href":"https:\/\/cecbll.cat\/espaicomarca\/wp-json\/wp\/v2\/media\/1037"}],"wp:attachment":[{"href":"https:\/\/cecbll.cat\/espaicomarca\/wp-json\/wp\/v2\/media?parent=1036"}],"curies":[{"name":"wp","href":"https:\/\/api.w.org\/{rel}","templated":true}]}}

Molí de l’oli Collbató

<p><strong>Carrer Pau Bertran, 1. Collbató</strong></p>
<p>Inicialment era un corral de bestiar que a inicis del segle XX fou reconvertit en molí d&#8217;oli. El seu valor cultural rau sobretot en el fet que encara funciona com a premsa, de manera semiartesanal, cosa que permet conèixer de primera mà a través de la seva activitat el procés de producció de l&#8217;oli.</p>
<p>Es tracta d&#8217;un edifici de planta trapezoïdal construït en un volum senzill aguantat per murs de càrrega de gruix variable i amb poques finestres. Els murs són de pedra engaltada amb maons massissos i pedra petita intercalada. La coberta és a dues aigües amb teules àrabs col·locades en sec sobre llates i bigues de fusta. L&#8217;única nau té petites construccions afegides per acollir-hi l&#8217;oficina i el bany del molí, que no respecten les formes i els materials del conjunt. A l&#8217;interior de la nau hi ha els cups per a la premsa d&#8217;oli, maquinària dels anys 20 en estat regular de funcionament i la mola de pedra del molí antic. El sostre i la coberta han estat rehabilitats recentment. L&#8217;edifici s&#8217;ha renovat recentment per recuperar la funció de molí d&#8217;oli.</p>
<p><strong> </strong></p>
<p><strong>HORARI<br />
</strong>Divendres18,00 a 21,00<br />
Dissabte10,00 a 14,00. 18,00 a 21,00<br />
Diumenge 10,00 a 14,00. 18,00 a 21,00</p>

<p>Carrer Pau Bertran, 1. Collbató Inicialment era un corral de bestiar que a inicis del segle XX fou reconvertit en [&hellip;]</p>
